351421.
7, 61, 823
List the prime factors of 267638.
2, 7, 2731
List the prime factors of 10430787.
3, 31, 59, 1901
List the prime factors of 466020.
2, 3, 5, 863
List the prime factors of 1586684.
2, 11, 36061
List the prime factors of 4578262.
2, 13, 176087
What are the prime factors of 88566?
2, 3, 29, 509
List the prime factors of 88202.
2, 44101
What are the prime factors of 1791364?
2, 447841
List the prime factors of 395125.
5, 29, 109
What are the prime factors of 6161912?
2, 770239
What are the prime factors of 141836?
2, 59, 601
List the prime factors of 689231.
17, 40543
What are the prime factors of 366684?
2, 3, 30557
List the prime factors of 26604858.
2, 3, 7, 633449
List the prime factors of 2213497.
11, 13, 23, 673
What are the prime factors of 324629?
47, 6907
What are the prime factors of 555079?
7, 179, 443
List the prime factors of 427368.
2, 3, 17807
List the prime factors of 18003872.
2, 562621
What are the prime factors of 1541793?
3, 11, 19, 2459
What are the prime factors of 6187275?
3, 5, 107, 257
List the prime factors of 5279791.
11, 449, 1069
List the prime factors of 2036940.
2, 3, 5, 17, 1997
What are the prime factors of 41445638?
2, 13, 1594063
List the prime factors of 184754.
2, 92377
List the prime factors of 1421218.
2, 710609
List the prime factors of 27374.
2, 13687
List the prime factors of 2044747.
557, 3671
List the prime factors of 1867644.
2, 3, 17293
List the prime factors of 722136.
2, 3, 30089
What are the prime factors of 4307609?
157, 27437
What are the prime factors of 711577?
711577
What are the prime factors of 934397?
113, 8269
What are the prime factors of 5901626?
2, 2950813
List the prime factors of 144108.
2, 3, 4003
List the prime factors of 667835.
5, 7, 19081
List the prime factors of 2519745.
3, 5, 173, 971
What are the prime factors of 244907?
13, 18839
List the prime factors of 19141664.
2, 19, 1657
List the prime factors of 376420.
2, 5, 11, 29, 59
What are the prime factors of 184817?
29, 6373
What are the prime factors of 1249088?
2, 29, 673
List the prime factors of 2988227.
11, 271657
List the prime factors of 30423515.
5, 6084703
List the prime factors of 68730.
2, 3, 5, 29, 79
What are the prime factors of 558387?
3, 20681
List the prime factors of 9205491.
3, 3068497
What are the prime factors of 1458043?
229, 6367
What are the prime factors of 3188443?
31, 163, 631
What are the prime factors of 1878222?
2, 3, 313037
What are the prime factors of 885597?
3, 295199
List the prime factors of 5622730.
2, 5, 562273
List the prime factors of 251956.
2, 62989
List the prime factors of 231299.
231299
List the prime factors of 28242083.
17, 179, 9281
What are the prime factors of 743727?
3, 173, 1433
List the prime factors of 5354630.
2, 5, 23, 31, 751
What are the prime factors of 140130?
2, 3, 5, 173
List the prime factors of 2476095.
3, 5, 383, 431
List the prime factors of 35343810.
2, 3, 5, 79, 1657
List the prime factors of 390310.
2, 5, 23, 1697
List the prime factors of 1280425.
5, 51217
What are the prime factors of 7383171?
3, 181, 13597
What are the prime factors of 221069?
221069
What are the prime factors of 6985819?
31, 225349
List the prime factors of 5694413.
71, 139, 577
What are the prime factors of 33955398?
2, 3, 1886411
List the prime factors of 2417689.
17, 142217
List the prime factors of 1456039.
13, 31, 3613
What are the prime factors of 156116?
2, 31, 1259
What are the prime factors of 236078?
2, 41, 2879
What are the prime factors of 4678214?
2, 2339107
What are the prime factors of 32261202?
2, 3, 19, 94331
What are the prime factors of 341206?
2, 170603
List the prime factors of 1289943.
3, 17, 8431
What are the prime factors of 4974753?
3, 7, 236893
What are the prime factors of 505667?
137, 3691
What are the prime factors of 3362031?
3, 19, 19661
List the prime factors of 42149.
113, 373
What are the prime factors of 2356274?
2, 53, 22229
What are the prime factors of 3525643?
11, 320513
What are the prime factors of 696777?
3, 232259
What are the prime factors of 3459762?
2, 3, 73, 2633
What are the prime factors of 12885122?
2, 43, 149827
List the prime factors of 3569637.
3, 1189879
What are the prime factors of 33395364?
2, 3, 927649
What are the prime factors of 2284161?
3, 11, 19, 3643
List the prime factors of 8463396.
2, 3, 101, 6983
What are the prime factors of 97533?
3, 10837
What are the prime factors of 2571469?
23, 4861
What are the prime factors of 480996?
2, 3, 31, 431
What are the prime factors of 9412116?
2, 3, 7, 16007
What are the prime factors of 29246684?
2, 191, 38281
What are the prime factors of 545368?
2, 68171
List the prime factors of 18674283.
3, 19, 327619
List the prime factors of 347784.
2, 3, 43, 337
What are the prime factors of 243462?
2, 3, 40577
What are the prime factors of 22548908?
2, 47, 277, 433
List the prime factors of 13232460.
2, 3, 5, 17, 12973
What are the prime factors of 10259306?
2, 619, 8287
List the prime factors of 562029.
3, 13, 14411
What are the prime factors of 1799140?
2, 5, 7, 71, 181
What are the prime factors of 3054103?
13, 234931
List the prime factors of 14403573.
3, 17, 47, 2003
What are the prime factors of 3225580?
2, 5, 17, 53, 179
What are the prime factors of 326685?
3, 5, 29, 751
What are the prime factors of 185585?
5, 37117
What are the prime factors of 1117174?
2, 558587
List the prime factors of 674582.
2, 337291
What are the prime factors of 3840352?
2, 120011
What are the prime factors of 2113119?
3, 234791
List the prime factors of 19364.
2, 47, 103
List the prime factors of 81332.
2, 20333
List the prime factors of 896104.
2, 11, 17, 599
What are the prime factors of 129334?
2, 64667
List the prime factors of 680277.
3, 13, 17443
List the prime factors of 5261097.
3, 1019, 1721
List the prime factors of 22942037.
409, 56093
What are the prime factors of 351036?
2, 3, 7, 199
What are the prime factors of 24650363?
31, 101, 7873
List the prime factors of 8210730.
2, 3, 5, 11, 139, 179
List the prime factors of 330190.
2, 5, 7, 53, 89
List the prime factors of 4379009.
4379009
What are the prime factors of 22628854?
2, 11314427
What are the prime factors of 421805?
5, 29, 2909
List the prime factors of 3591598.
2, 31, 53, 1093
List the prime factors of 2953677.
3, 389, 2531
What are the prime factors of 1867351?
1867351
What are the prime factors of 259568?
2, 16223
List the prime factors of 1994577.
3, 13, 199, 257
List the prime factors of 28254832.
2, 1019, 1733
What are the prime factors of 300614?
2, 29, 71, 73
What are the prime factors of 2804720?
2, 5, 35059
List the prime factors of 5097076.
2, 17, 23, 3259
List the prime factors of 4467800.
2, 5, 89, 251
What are the prime factors of 60386?
2, 109, 277
What are the prime factors of 1851269?
7, 37781
List the prime factors of 505116.
2, 3, 1559
What are the prime factors of 17582612?
2, 4395653
List the prime factors of 6589796.
2, 317, 5197
What are the prime factors of 969928?
2, 31, 3911
What are the prime factors of 2714337?
3, 229, 439
List the prime factors of 23948330.
2, 5, 7, 97, 3527
List the prime factors of 4303965.
3, 5, 83, 3457
What are the prime factors of 57530?
2, 5, 11, 523
List the prime factors of 6179536.
2, 11, 35111
List the prime factors of 6561605.
5, 73, 17977
What are the prime factors of 3325612?
2, 67, 12409
List the prime factors of 3477622.
2, 17, 29, 3527
List the prime factors of 1324419.
3, 17, 25969
List the prime factors of 1887045.
3, 5, 125803
List the prime factors of 2373136.
2, 83, 1787
List the prime factors of 8512539.
3, 7, 457, 887
What are the prime factors of 2699197?
19, 7477
What are the prime factors of 30973?
47, 659
List the prime factors of 1485598.
2, 191, 3889
List the prime factors of 2769585.
3, 5, 7, 13, 2029
List the prime factors of 186355.
5, 13, 47, 61
List the prime factors of 651365.
5, 11, 13, 911
What are the prime factors of 9915806?
2, 23, 157, 1373
List the prime factors of 5329587.
3, 89, 19961
List the prime factors of 780643.
23, 33941
What are the prime factors of 11127828?
2, 3, 73, 12703
List the prime factors of 2671704.
2, 3, 7, 19, 31
What are the prime factors of 253806?
2, 3, 7, 6043
What are the prime factors of 346585?
5, 69317
L